ultiple of 12?
True
Does 16 divide 1008?
True
Does 5 divide 445?
True
Does 9 divide 6104?
False
Is 26 a factor of 4862?
True
Is 25986 a multiple of 61?
True
Is 234 a multiple of 4?
False
Does 83 divide 996?
True
Is 15 a factor of 61513?
False
Does 20 divide 48636?
False
Is 4128 a multiple of 90?
False
Is 663 a multiple of 88?
False
Is 1118 a multiple of 6?
False
Is 4884 a multiple of 44?
True
Does 217 divide 16492?
True
Is 93 a factor of 32838?
False
Does 76 divide 266?
False
Does 9 divide 10152?
True
Is 1188 a multiple of 27?
True
Does 28 divide 1832?
False
Is 1268 a multiple of 22?
False
Is 8586 a multiple of 53?
True
Is 1281 a multiple of 21?
True
Is 68 a factor of 4456?
False
Does 11 divide 51095?
True
Does 254 divide 7112?
True
Is 36 a factor of 504?
True
Does 6 divide 120?
True
Does 105 divide 11445?
True
Is 162 a factor of 35071?
False
Does 8 divide 17303?
False
Is 8188 a multiple of 92?
True
Is 686 a multiple of 3?
False
Is 17640 a multiple of 60?
True
Does 75 divide 7153?
False
Does 19 divide 17536?
False
Does 4 divide 260?
True
Is 151 a factor of 2625?
False
Does 54 divide 48134?
False
Is 89 a multiple of 7?
False
Does 10 divide 300?
True
Is 1175 a multiple of 42?
False
Is 29155 a multiple of 245?
True
Is 16 a factor of 29824?
True
Is 1420 a multiple of 4?
True
Is 270 a multiple of 18?
True
Is 5864 a multiple of 33?
False
Is 3752 a multiple of 134?
True
Is 294 a multiple of 98?
True
Is 218 a factor of 8502?
True
Is 28 a factor of 411?
False
Does 8 divide 1184?
True
Is 109 a multiple of 48?
False
Does 28 divide 560?
True
Does 108 divide 6372?
True
Is 45 a factor of 93555?
True
Does 16 divide 240?
True
Is 960 a multiple of 19?
False
Is 846 a multiple of 19?
False
Is 9 a factor of 14967?
True
Is 15 a factor of 846?
False
Is 94 a factor of 33986?
False
Is 2 a factor of 1803?
False
Is 11 a factor of 8400?
False
Is 2212 a multiple of 49?
False
Is 15527 a multiple of 20?
False
Is 34583 a multiple of 127?
False
Does 27 divide 243?
True
Is 9 a factor of 44852?
False
Is 1410 a multiple of 82?
False
Does 66 divide 462?
True
Does 14 divide 7030?
False
Is 104 a factor of 16524?
False
Is 34 a factor of 4998?
True
Is 1644 a multiple of 6?
True
Does 3 divide 5561?
False
Does 105 divide 1260?
True
Is 690 a multiple of 30?
True
Is 5288 a multiple of 7?
False
Is 4264 a multiple of 82?
True
Is 9 a factor of 947?
False
Does 10 divide 16067?
False
Does 39 divide 585?
True
Does 2 divide 4046?
True
Is 41 a factor of 57400?
True
Is 40 a factor of 1000?
True
Is 37 a factor of 851?
True
Does 21 divide 53455?
False
Is 12 a factor of 14292?
True
Is 1293 a multiple of 52?
False
Is 159 a multiple of 3?
True
Is 577 a multiple of 5?
False
Does 344 divide 41624?
True
Is 166 a multiple of 16?
False
Is 16 a factor of 422?
False
Does 107 divide 15743?
False
Is 27780 a multiple of 10?
True
Does 10 divide 20488?
False
Is 3102 a multiple of 141?
True
Does 23 divide 247?
False
Does 8 divide 266?
False
Does 27 divide 243?
True
Does 41 divide 1599?
True
Does 81 divide 2460?
False
Is 30401 a multiple of 301?
True
Is 255 a factor of 102510?
True
Is 100 a factor of 39400?
True
Is 80 a factor of 33611?
False
Does 201 divide 9447?
True
Does 10 divide 1130?
True
Is 10 a factor of 380?
True
Is 7165 a multiple of 25?
False
Is 472 a multiple of 47?
False
Is 821 a multiple of 13?
False
Is 3808 a multiple of 17?
True
Is 25028 a multiple of 283?
False
Is 13 a factor of 195?
True
Is 54 a factor of 10854?
True
Does 5 divide 2620?
True
Is 17 a factor of 31100?
False
Is 74486 a multiple of 261?
False
Is 64 a factor of 1024?
True
Does 14 divide 209?
False
Is 240 a multiple of 4?
True
Does 26 divide 416?
True
Is 716 a multiple of 2?
True
Is 10 a factor of 239?
False
Is 402 a multiple of 6?
True
Is 33 a factor of 429?
True
Is 2 a factor of 454?
True
Is 26 a factor of 3030?
False
Is 221 a factor of 19669?
True
Does 3 divide 2319?
True
Is 12 a factor of 2160?
True
Is 762 a multiple of 6?
True
Does 5 divide 9480?
True
Is 2296 a multiple of 6?
False
Is 49 a factor of 11705?
False
Is 4264 a multiple of 6?
False
Is 590 a multiple of 8?
False
Is 46 a factor of 10258?
True
Does 28 divide 4956?
True
Is 10 a factor of 200?
True
Does 92 divide 3588?
True
Is 3612 a multiple of 69?
False
Does 4 divide 1410?
False
Does 88 divide 9680?
True
Is 15 a factor of 420?
True
Does 325 divide 20258?
False
Does 11 divide 407?
True
Is 10 a factor of 11543?
False
Does 169 divide 4732?
True
Is 47 a factor of 5499?
True
Is 5 a factor of 7275?
True
Is 4 a factor of 16359?
False
Does 60 divide 1920?
True
Is 1684 a multiple of 28?
False
Does 22 divide 5463?
False
Is 17 a factor of 3281?
True
Is 361 a multiple of 19?
True
Does 5 divide 419?
False
Is 3 a factor of 1419?
True
Is 135861 a multiple of 24?
False
Is 5004 a multiple of 2?
True
Is 5461 a multiple of 30?
False
Is 19 a factor of 2186?
False
Does 22 divide 336?
False
Is 3 a factor of 833?
False
Does 10 divide 291?
False
Does 16 divide 24208?
True
Is 68296 a multiple of 23?
False
Is 2638 a multiple of 13?
False
Is 40734 a multiple of 41?
False
Is 67 a factor of 55476?
True
Is 312 a multiple of 24?
True
Does 36 divide 249?
False
Is 7538 a multiple of 143?
False
Is 1007 a multiple of 19?
True
Is 9 a factor of 11331?
True
Is 35 a factor of 2773?
False
Does 16 divide 560?
True
Does 138 divide 1770?
False
Is 69 a factor of 1794?
True
Is 27 a factor of 2430?
True
Is 37 a factor of 107?
False
Is 10256 a multiple of 81?
False
Is 7 a factor of 52?
False
Is 342 a multiple of 11?
False
Does 36 divide 4887?
False
Is 10920 a multiple of 72?
False
Is 48 a factor of 24671?
False
Does 2 divide 21?
False
Does 14 divide 13318?
False
Is 13 a factor of 1325?
False
Does 339 divide 48371?
False
Is 10 a factor of 144?
False
Does 14 divide 179?
False
Is 2455 a multiple of 33?
False
Does 82 divide 1415?
False
Does 279 divide 49104?
True
Does 42 divide 20496?
True
Does 23 divide 161?
True
Does 17 divide 25061?
False
Is 34 a factor of 2618?
True
Is 16 a factor of 618?
False
Is 1166 a multiple of 106?
True
Is 33 a factor of 22341?
True
Is 32 a factor of 1962?
False
Is 135 a factor of 2565?
True
Is 11 a factor of 36?
False
Is 133 a factor of 36176?
True
Is 5 a factor of 1623?
False
Is 6256 a multiple of 34?
True
Is 17776 a multiple of 176?
True
Does 11 divide 14905?
True
Is 14 a factor of 26096?
True
Is 224 a multiple of 16?
True
Does 45 divide 2933?
False
Does 191 divide 81939?
True
Is 110 a factor of 990?
True
Is 551 a multiple of 19?
True
Is 43 a factor of 1333?
True
Is 893 a multiple of 47?
True
Is 9533 a multiple of 23?
False
Does 17 divide 591?
False
Does 2 divide 164?
True
Is 16 a factor of 5008?
True
Does 16 divide 32?
True
Does 36 divide 588?
False
Is 16 a factor of 14021?
False
Is 304 a multiple of 3?
False
Is 2706 a multiple of 44?
False
Is 8254 a multiple of 18?
False
Is 26426 a multiple of 94?
False
Is 13 a factor of 13923?
True
Is 100 a multiple of 3?
False
Does 58 divide 4735?
False
Is 2535 a multiple of 65?
True
Does 7 divide 336?
True
Is 67 a factor of 6826?
False
Is 9 a factor of 14579?
False
Does 45 divide 76?
False
Is 23 a factor of 3979?
True
Is 3081 a multiple of 39?
True
Is 48 a multiple of 8?
True
Is 2 a factor of 89?
False
Is 26841 a multiple of 9?
False
Does 8 divide 3368?
True
Is 26709 a multiple of 87?
True
Is 5764 a multiple of 4?
True
Is 1215 a multiple of 27?
True
Is 624 a multiple of 4?
True
Is 102 a factor of 1632?
True
Is 14 a factor of 112?
True
Does 9 divide 1081?
False
Is 1520 a multiple of 16?
True
Is 133 a factor of 798?
True
Is 767 a multiple of 5?
False
Is 23 a factor of 115?
True
Does 67 divide 10787?
True
Is 7 a factor of 3500?
True
Is 17304 a multiple of 168?
True
Is 87 a factor of 5394?
True
Is 121 a factor of 516?
False
Does 128 divide 3242?
False
Does 10 divide 1409?
False
Is 15384 a multiple of 134?
False
Is 810 a multiple of 157?
False
Does 17 divide 1377?
True
Does 22 divide 4994?
True
Is 77 a multiple of 11?
True
Is 13240 a multiple of 7?
False
Is 10 a factor of 7758?
False
Does 75 divide 900?
True
Is 81 a factor of 4617?
True
Is 20 a factor of 80?
True
Does 64 divide 3968?
True
Is 3 a factor of 1162?
False
Is 287 a factor of 82656?
True
Does 29 divide 522?
True
Is 29295 a multiple of 15?
True
Is 29 a factor of 58?
True
Is 7 a factor of 187?
Fal